- j + 21 = 0. What are the prime factors of p?
2, 3
Let n(q) be the third derivative of q**8/3360 + q**7/5040 + q**5/30 + q**2. Let z(d) be the third derivative of n(d). List the prime factors of z(-1).
5
Let w = -8 - -12. Suppose 16 = 4*z, -26 = o + w*z - 91. Suppose a = 4*c - 40, 5*a - o = -3*c + a. List the prime factors of c.
11
Let z(g) = 2*g**3 - g**2 + g + 2. What are the prime factors of z(2)?
2
Let w(j) = -j**3 + 7*j**2 - 5*j + 6. Let x be w(6). Suppose -5*p - 2*k - 2*k = 44, x = -2*p + 4*k. List the prime factors of 4/(-6)*132/p.
11
Let w = 5 + -3. Suppose 0*x + x - w*b = 16, x - 16 = 4*b. What are the prime factors of x?
2
Let c = 74 + -34. What are the prime factors of c?
2, 5
What are the prime factors of (-1 - -127) + (4 - 3)*-2?
2, 31
Let d(p) = p + 5. Let f be d(-4). Suppose -4*g + 3*r - f = -100, -2*r = 10. What are the prime factors of g?
3, 7
Suppose -6*r + 99 = -9. List the prime factors of r.
2, 3
Let g(q) = -8*q - 12. Let i be g(-9). Suppose t + t = i. List the prime factors of t.
2, 3, 5
Suppose -6*p + 3*p + 6 = 0. What are the prime factors of 40 - p - (3 - 3)?
2, 19
Let v(h) = h**2 - 7*h. What are the prime factors of v(10)?
2, 3, 5
List the prime factors of (-4)/6*(-90)/5.
2, 3
Suppose -5 = -p - 3*r, -3*p + p + 5 = 5*r. Let o = 14 + p. Suppose o*u + 36 = -0*v + 4*v, 45 = 5*v - 3*u. What are the prime factors of v?
3
Suppose 4*u = -a + 15, 20 = 2*u + 3*u. Let x be 2*a/2*1. List the prime factors of (0 - 0) + (-7)/x.
7
Let t be (-2 + 20)*1/3. What are the prime factors of (-4 + 16)/(2/t)?
2, 3
Let i(v) = v**3 - 10*v**2 - 12*v + 29. List the prime factors of i(12).
173
Let g = -87 - -145. List the prime factors of g.
2, 29
Let k(a) = 2*a**2 - 4. List the prime factors of k(-4).
2, 7
Let g = 112 - 49. List the prime factors of g.
3, 7
Let i(a) = -3*a - 6. Let d(r) = -2*r**2 - r + 1. Let w be d(-2). What are the prime factors of i(w)?
3
Suppose -4*v + 9*v - 348 = -3*o, 0 = 5*o - 5. List the prime factors of v.
3, 23
Let o(v) = -v - 2. Let m(n) = -n - 8. Let k be m(-11). Suppose -2*z = -r - 7, z + z + 21 = -k*r. List the prime factors of o(r).
5
Let i(j) = 83*j - 6. List the prime factors of i(2).
2, 5
Let s be 1/(-2 - (-9)/4). Suppose p = s*p - 54. What are the prime factors of p?
2, 3
Suppose 31 = 2*i - 89. List the prime factors of i.
2, 3, 5
Suppose -2*y + 42 = y. List the prime factors of y.
2, 7
Let p = 5 - -31. Let l(r) = 4*r - 6. Let k be l(6). Let f = p - k. List the prime factors of f.
2, 3
Let v(h) = -h + 11. Let a be v(11). Suppose 0*k - k = a, 3*q - k = 75. List the prime factors of q.
5
Let m(z) = z**2 - 2*z + 8. List the prime factors of m(6).
2
Let o(d) = d**3 + 5*d**2 + 5*d + 3. Suppose 23 = -s + 5*i - 2, s + 5*i - 25 = 0. Let f = -3 - s. What are the prime factors of o(f)?
2, 3
Suppose 2*z - z - 45 = 0. What are the prime factors of z?
3, 5
Let u be -1*417*2/(-6). Suppose 43 + u = 7*j. What are the prime factors of j?
2, 13
List the prime factors of (16/(-32))/(2/(-172)).
43
Suppose -3*u + t = -17, 0*u - 5*u - 5*t = -35. Let i = 10 - u. List the prime factors of 244/16 + (-1)/i.
3, 5
Suppose -4*l = l + 20. Let m = l + 4. Suppose 4*r = -r - 15, -2*t + r + 23 = m. List the prime factors of t.
2, 5
Suppose -15*c = -16*c + 335. What are the prime factors of c?
5, 67
Let p(b) = -203*b - 2. Let m be p(2). What are the prime factors of m/(-32) - (-2)/8?
13
Let z(a) = 250*a**3 - a**2 + a + 1. What are the prime factors of z(1)?
251
Let d(f) = -6*f + 15. List the prime factors of d(-10).
3, 5
Let p(t) = -123*t. What are the prime factors of p(-1)?
3, 41
Let s(a) = a**2 + 2*a - 6. Let u be s(4). Let i be 2/(-1)*u/(-4). Suppose -3*k = i - 45. What are the prime factors of k?
2, 3
Suppose -w + 73 = -38. List the prime factors of w.
3, 37
Let y(j) be the first derivative of -j**2 - 2*j - 2. List the prime factors of y(-9).
2
Suppose 5*v = -2*q - 72, -5*q + 5*v = 84 + 96. Let p = -6 + -4. What are the prime factors of (-10)/(-4)*q/p?
3
Suppose -s = -0*s - 33. List the prime factors of s.
3, 11
Suppose h = 5*a - 529, -3*h - 15 + 3 = 0. Let f = a + -51. List the prime factors of f.
2, 3
Suppose -i = -4*y + 133, 5*i + 3 = 2*i. What are the prime factors of y?
3, 11
Let v = 13 - 21. Let t be ((-1)/1)/(v/(-320)). List the prime factors of 66/(-4)*t/30.
2, 11
Let g(a) = a**3 - 4*a**2 - 6*a - 4. Let t be g(5). Let f = 5 - t. What are the prime factors of f?
2, 7
Let k(c) = c**2 + 9*c + 8. Let u be (2 - 8) + -1*2. Let y be k(u). Suppose y = -9*b + 4*b + 50. List the prime factors of b.
2, 5
Let i = 4 + 1. List the prime factors of 1/(((-10)/(-44))/i).
2, 11
Let r be (2 + 24/3)*1. List the prime factors of (-26)/r*(-8 - -3).
13
Let o(p) = 3*p**2 - 14*p + 31. List the prime factors of o(8).
3, 37
Suppose 5*q + z = 50, 0 = -3*q - 3*z - 2*z + 8. What are the prime factors of q?
11
Let j(o) = o. Let r be j(6). What are the prime factors of 15/r*4/5?
2
List the prime factors of 1/3 - (2755/(-15) - -1).
3, 61
Let q be 2/(-7) - 27/(-21). Let a be 3/18*3*0. What are the prime factors of a + 6 + 2/q?
2
Let b be -6*((-21)/6 + 3). List the prime factors of ((-48)/b - -3)*-1.
13
Let v = -193 - -369. What are the prime factors of v?
2, 11
Let v be (0 + 3 + -1)/1. Suppose 4*k + 2*l = 38, 0 = v*k - 3*k + l + 2. What are the prime factors of k?
7
Let y(o) = o - 3. Let k be y(7). Suppose 2*s = k*s + 8. Let v = s - -6. List the prime factors of v.
2
Suppose -5*h - 4*b = -1086, 0 = -3*h + 4*b + 334 + 324. What are the prime factors of h?
2, 109
Suppose -2*q = -3*q + 2. Suppose -8 = -2*p - q*p. List the prime factors of p/(-7) - (-86)/7.
2, 3
Let v(x) = -x**3 + 2*x**2 - 2*x + 1. Let h be v(2). Let s be (-3)/(-2)*36/27. What are the prime factors of h/6*(s + -20)?
3
List the prime factors of ((-9)/6)/(6/(-292)).
73
Let g(h) = 11 + 0*h**2 - 13*h + 0*h**2 + h**2. What are the prime factors of g(13)?
11
Suppose -z + 2*z = 24. Suppose w - 4*w = -z. Suppose -4*f - 4*a + 16 = 0, -14 = -5*f - 3*a + w. What are the prime factors of f?
5
Let x(h) = h**2 - 3*h - 5. Let i be x(4). Let z = -20 - -12. Let p = i - z. What are the prime factors of p?
7
Let x be (3/2 - 0)*260. Suppose 0 = -3*t - 42. What are the prime factors of 4/t + x/42?
3
Suppose -o + 16 = -j + 3*o, 3*o + 63 = -3*j. Let m be (-284)/j - (-2)/(-10). Suppose -r = r - m. What are the prime factors of r?
7
Let p = -14 + 14. Suppose -14 = -p*b - b - 3*t, 72 = 3*b - t. List the prime factors of b.
23
Let m be (2 + (-13 - -2))/1. Let l = m - -14. What are the prime factors of l?
5
Let f(t) = 5*t**2 - 2*t + 4. Let x be f(-4). Suppose 3*y - x = -y. Let l = y - 12. What are the prime factors of l?
11
Let m be (-4)/(-6) + 53/(-3). Let v(s) = -2*s + 9. Let q be v(-10). Let p = m + q. List the prime factors of p.
2, 3
Let s be 1/4 + 103/4. Suppose f - s = -4*y + 5, -4*y - 5*f = -27. What are the prime factors of y?
2
Let f = -10 - -20. Suppose -f + 0 = -5*t. Suppose t*q + 10 = 0, 14 + 15 = g - 4*q. What are the prime factors of g?
3
Suppose 2*x + 16 = 5*k, -x = x + k - 8. Suppose 5*c + 0*c - 35 = -x*n, -4*c - 28 = -4*n. Let o = -6 + n. List the prime factors of o.
2
Let g be -54*(-4 - 20/(-6)). Suppose -g = -l - 2*l. List the prime factors of l.
2, 3
What are the prime factors of 1/((-5 - -1)/(-24))?
2, 3
Suppose -7*i - 37 = -8*i. Suppose 5*z - i = 73. What are the prime factors of z?
2, 11
Let z(l) be the third derivative of -l**5/60 + 11*l**4/24 - 7*l**3/6 - l**2. Let f(s) = s**3 - 5*s**2 - 2*s - 18. Let k be f(6). List the prime factors of z(k).
23
Let u = -4 + 2. Let n(a) = -a**3 + a**2 + 3*a + 3. List the prime factors of n(u).
3
Let i(p) = -p**3 + 11*p**2 + 2*p - 1. Let f be 4/(-10) + 228/20. List the prime factors of i(f).
3, 7
Let q be (-1 - 1)/(3 + -4). Let a(r) = -r**3 - 5*r**2 - 6. Let y be a(-5). List the prime factors of (-3)/y*q*5.
5
Suppose -r + 40 = 4*i, 2*i - 4*r - 10 = -2*r. Suppose -5*n = k - 10, 0 = 5*n - i*k + 4*k - 40. Suppose n*p + 0*p = 9. What are the prime factors of p?
3
Suppose 220 = 5*s - 3*j, 2*s + j - 176 = -2*s. Suppose 5*o - s = o. List the prime factors of o.
11
List the prime factors of 0 - (-4 - 97) - -3.
2, 13
Suppose -3*i + 5*v = -115, v - 21 + 152 = 3*i. List the prime factors of i.
3, 5
Suppose 15*d = 7*d + 2280. List the prime factors of d.
3, 5, 19
Suppose -3*z 